{"id":509,"date":"2024-03-03T17:08:24","date_gmt":"2024-03-03T17:08:24","guid":{"rendered":"https:\/\/giarre.org\/index.php\/home-deutsch\/"},"modified":"2024-03-03T18:07:23","modified_gmt":"2024-03-03T18:07:23","slug":"home-deutsch","status":"publish","type":"page","link":"https:\/\/giarre.org\/index.php\/home-deutsch\/","title":{"rendered":"Home"},"content":{"rendered":"\t\t<div data-elementor-type=\"wp-page\" data-elementor-id=\"509\" class=\"elementor elementor-509\">\n\t\t\t\t\t\t\t<div class=\"elementor-element elementor-element-1d6e3fe e-flex e-con-boxed e-con e-parent\" data-id=\"1d6e3fe\" data-element_type=\"container\" data-settings=\"{&quot;background_background&quot;:&quot;classic&quot;,&quot;content_width&quot;:&quot;boxed&quot;}\" data-core-v316-plus=\"true\">\n\t\t\t\t\t<div class=\"e-con-inner\">\n\t\t\t\t<div class=\"elementor-element elementor-element-1eada56 elementor-widget elementor-widget-heading\" data-id=\"1eada56\" data-element_type=\"widget\" data-widget_type=\"heading.default\">\n\t\t\t\t<div class=\"elementor-widget-container\">\n\t\t\t<style>\/*! elementor - v3.18.0 - 20-12-2023 *\/\n.elementor-heading-title{padding:0;margin:0;line-height:1}.elementor-widget-heading .elementor-heading-title[class*=elementor-size-]>a{color:inherit;font-size:inherit;line-height:inherit}.elementor-widget-heading .elementor-heading-title.elementor-size-small{font-size:15px}.elementor-widget-heading .elementor-heading-title.elementor-size-medium{font-size:19px}.elementor-widget-heading .elementor-heading-title.elementor-size-large{font-size:29px}.elementor-widget-heading .elementor-heading-title.elementor-size-xl{font-size:39px}.elementor-widget-heading .elementor-heading-title.elementor-size-xxl{font-size:59px}<\/style><h3 class=\"elementor-heading-title elementor-size-xl\">NICHT DIE ST\u00c4RKSTE SPEZIES \u00dcBERLEBT. AUCH NICHT DIE INTELLIGENTESTE.\nSONDERN DIEJENIGE, DIE AM SCHNELLSTEN AUF VER\u00c4NDERUNGEN REAGIERT.\n<\/h3>\t\t<\/div>\n\t\t\t\t<\/div>\n\t\t\t\t<div class=\"elementor-element elementor-element-30ad695 elementor-invisible elementor-widget elementor-widget-heading\" data-id=\"30ad695\" data-element_type=\"widget\" data-settings=\"{&quot;_animation&quot;:&quot;fadeIn&quot;}\" data-widget_type=\"heading.default\">\n\t\t\t\t<div class=\"elementor-widget-container\">\n\t\t\t<h5 class=\"elementor-heading-title elementor-size-default\">Charles Darwin<\/h5>\t\t<\/div>\n\t\t\t\t<\/div>\n\t\t\t\t\t<\/div>\n\t\t\t\t<\/div>\n\t\t<div class=\"elementor-element elementor-element-e8b618c e-flex e-con-boxed e-con e-parent\" data-id=\"e8b618c\" data-element_type=\"container\" data-settings=\"{&quot;content_width&quot;:&quot;boxed&quot;}\" data-core-v316-plus=\"true\">\n\t\t\t\t\t<div class=\"e-con-inner\">\n\t\t\t\t<div class=\"elementor-element elementor-element-778175f elementor-widget elementor-widget-heading\" data-id=\"778175f\" data-element_type=\"widget\" data-widget_type=\"heading.default\">\n\t\t\t\t<div class=\"elementor-widget-container\">\n\t\t\t<h5 class=\"elementor-heading-title elementor-size-medium\">Dienstleistungen<\/h5>\t\t<\/div>\n\t\t\t\t<\/div>\n\t\t\t\t<div class=\"elementor-element elementor-element-9547104 elementor-widget elementor-widget-text-editor\" data-id=\"9547104\" data-element_type=\"widget\" data-widget_type=\"text-editor.default\">\n\t\t\t\t<div class=\"elementor-widget-container\">\n\t\t\t<style>\/*! elementor - v3.18.0 - 20-12-2023 *\/\n.elementor-widget-text-editor.elementor-drop-cap-view-stacked .elementor-drop-cap{background-color:#69727d;color:#fff}.elementor-widget-text-editor.elementor-drop-cap-view-framed .elementor-drop-cap{color:#69727d;border:3px solid;background-color:transparent}.elementor-widget-text-editor:not(.elementor-drop-cap-view-default) .elementor-drop-cap{margin-top:8px}.elementor-widget-text-editor:not(.elementor-drop-cap-view-default) .elementor-drop-cap-letter{width:1em;height:1em}.elementor-widget-text-editor .elementor-drop-cap{float:left;text-align:center;line-height:1;font-size:50px}.elementor-widget-text-editor .elementor-drop-cap-letter{display:inline-block}<\/style>\t\t\t\t<p style=\"font-weight: 400;\">Ob praktische Beratung oder Interimsmanagement: mein Ansatz ist auf die spezifischen Anforderungen Ihres Projekts zugeschnitten. Diese durchg\u00e4ngige Unterst\u00fctzung stellt sicher, dass Ihre Transformationsreise nahtlos verl\u00e4uft. Von der anf\u00e4nglichen Definition des<\/p>\n<p style=\"font-weight: 400;\">Projektumfangs bis zur vollst\u00e4ndigen Umsetzung.<\/p>\t\t\t\t\t\t<\/div>\n\t\t\t\t<\/div>\n\t\t<div class=\"elementor-element elementor-element-4419a86 e-con-full e-flex e-con e-child\" data-id=\"4419a86\" data-element_type=\"container\" data-settings=\"{&quot;content_width&quot;:&quot;full&quot;}\">\n\t\t\t\t<div class=\"elementor-element elementor-element-d2ae1f8 elementor-widget-tablet__width-initial elementor-widget-mobile__width-inherit elementor-widget__width-initial elementor-position-top elementor-widget elementor-widget-image-box\" data-id=\"d2ae1f8\" data-element_type=\"widget\" data-widget_type=\"image-box.default\">\n\t\t\t\t<div class=\"elementor-widget-container\">\n\t\t\t<style>\/*! elementor - v3.18.0 - 20-12-2023 *\/\n.elementor-widget-image-box .elementor-image-box-content{width:100%}@media (min-width:768px){.elementor-widget-image-box.elementor-position-left .elementor-image-box-wrapper,.elementor-widget-image-box.elementor-position-right .elementor-image-box-wrapper{display:flex}.elementor-widget-image-box.elementor-position-right .elementor-image-box-wrapper{text-align:right;flex-direction:row-reverse}.elementor-widget-image-box.elementor-position-left .elementor-image-box-wrapper{text-align:left;flex-direction:row}.elementor-widget-image-box.elementor-position-top .elementor-image-box-img{margin:auto}.elementor-widget-image-box.elementor-vertical-align-top .elementor-image-box-wrapper{align-items:flex-start}.elementor-widget-image-box.elementor-vertical-align-middle .elementor-image-box-wrapper{align-items:center}.elementor-widget-image-box.elementor-vertical-align-bottom .elementor-image-box-wrapper{align-items:flex-end}}@media (max-width:767px){.elementor-widget-image-box .elementor-image-box-img{margin-left:auto!important;margin-right:auto!important;margin-bottom:15px}}.elementor-widget-image-box .elementor-image-box-img{display:inline-block}.elementor-widget-image-box .elementor-image-box-title a{color:inherit}.elementor-widget-image-box .elementor-image-box-wrapper{text-align:center}.elementor-widget-image-box .elementor-image-box-description{margin:0}<\/style><div class=\"elementor-image-box-wrapper\"><figure class=\"elementor-image-box-img\"><img fetchpriority=\"high\" decoding=\"async\" width=\"640\" height=\"427\" src=\"https:\/\/giarre.org\/wp-content\/uploads\/2024\/01\/startae-team-7tXA8xwe4W4-unsplash.jpg\" class=\"attachment-full size-full wp-image-204\" alt=\"\" srcset=\"https:\/\/giarre.org\/wp-content\/uploads\/2024\/01\/startae-team-7tXA8xwe4W4-unsplash.jpg 640w, https:\/\/giarre.org\/wp-content\/uploads\/2024\/01\/startae-team-7tXA8xwe4W4-unsplash-300x200.jpg 300w\" sizes=\"(max-width: 640px) 100vw, 640px\" \/><\/figure><div class=\"elementor-image-box-content\"><h4 class=\"elementor-image-box-title\">Vision, Strategie, Gesch\u00e4ftsplan<\/h4><\/div><\/div>\t\t<\/div>\n\t\t\t\t<\/div>\n\t\t\t\t<div class=\"elementor-element elementor-element-45be342 elementor-widget-tablet__width-initial elementor-widget-mobile__width-inherit elementor-widget__width-initial elementor-position-top elementor-widget elementor-widget-image-box\" data-id=\"45be342\" data-element_type=\"widget\" data-widget_type=\"image-box.default\">\n\t\t\t\t<div class=\"elementor-widget-container\">\n\t\t\t<div class=\"elementor-image-box-wrapper\"><figure class=\"elementor-image-box-img\"><img decoding=\"async\" width=\"640\" height=\"426\" src=\"https:\/\/giarre.org\/wp-content\/uploads\/2024\/01\/nasa-Q1p7bh3SHj8-unsplash.jpg\" class=\"attachment-full size-full wp-image-203\" alt=\"\" srcset=\"https:\/\/giarre.org\/wp-content\/uploads\/2024\/01\/nasa-Q1p7bh3SHj8-unsplash.jpg 640w, https:\/\/giarre.org\/wp-content\/uploads\/2024\/01\/nasa-Q1p7bh3SHj8-unsplash-300x200.jpg 300w\" sizes=\"(max-width: 640px) 100vw, 640px\" \/><\/figure><div class=\"elementor-image-box-content\"><h4 class=\"elementor-image-box-title\">Turnaround, Umstrukturierung, Change Management<\/h4><\/div><\/div>\t\t<\/div>\n\t\t\t\t<\/div>\n\t\t\t\t<div class=\"elementor-element elementor-element-52b41a7 elementor-widget-tablet__width-initial elementor-widget-mobile__width-inherit elementor-widget__width-initial elementor-position-top elementor-widget elementor-widget-image-box\" data-id=\"52b41a7\" data-element_type=\"widget\" data-widget_type=\"image-box.default\">\n\t\t\t\t<div class=\"elementor-widget-container\">\n\t\t\t<div class=\"elementor-image-box-wrapper\"><figure class=\"elementor-image-box-img\"><img decoding=\"async\" width=\"640\" height=\"427\" src=\"https:\/\/giarre.org\/wp-content\/uploads\/2024\/01\/kaleidico-26MJGnCM0Wc-unsplash.jpg\" class=\"attachment-full size-full wp-image-202\" alt=\"\" srcset=\"https:\/\/giarre.org\/wp-content\/uploads\/2024\/01\/kaleidico-26MJGnCM0Wc-unsplash.jpg 640w, https:\/\/giarre.org\/wp-content\/uploads\/2024\/01\/kaleidico-26MJGnCM0Wc-unsplash-300x200.jpg 300w\" sizes=\"(max-width: 640px) 100vw, 640px\" \/><\/figure><div class=\"elementor-image-box-content\"><h4 class=\"elementor-image-box-title\">Interim-Management-L\u00f6sungen<\/h4><\/div><\/div>\t\t<\/div>\n\t\t\t\t<\/div>\n\t\t\t\t<div class=\"elementor-element elementor-element-bc6ecb6 elementor-widget-tablet__width-initial elementor-widget-mobile__width-inherit elementor-widget__width-initial elementor-position-top elementor-widget elementor-widget-image-box\" data-id=\"bc6ecb6\" data-element_type=\"widget\" data-widget_type=\"image-box.default\">\n\t\t\t\t<div class=\"elementor-widget-container\">\n\t\t\t<div class=\"elementor-image-box-wrapper\"><figure class=\"elementor-image-box-img\"><img loading=\"lazy\" decoding=\"async\" width=\"640\" height=\"426\" src=\"https:\/\/giarre.org\/wp-content\/uploads\/2024\/01\/mediensturmer-aWf7mjwwJJo-unsplash.jpg\" class=\"attachment-full size-full wp-image-205\" alt=\"\" srcset=\"https:\/\/giarre.org\/wp-content\/uploads\/2024\/01\/mediensturmer-aWf7mjwwJJo-unsplash.jpg 640w, https:\/\/giarre.org\/wp-content\/uploads\/2024\/01\/mediensturmer-aWf7mjwwJJo-unsplash-300x200.jpg 300w\" sizes=\"(max-width: 640px) 100vw, 640px\" \/><\/figure><div class=\"elementor-image-box-content\"><h4 class=\"elementor-image-box-title\">Coaching, Entwicklung von F\u00fchrungskr\u00e4ften<\/h4><\/div><\/div>\t\t<\/div>\n\t\t\t\t<\/div>\n\t\t\t\t<\/div>\n\t\t\t\t<div class=\"elementor-element elementor-element-34be282 elementor-align-center elementor-widget__width-inherit elementor-invisible elementor-widget elementor-widget-button\" data-id=\"34be282\" data-element_type=\"widget\" data-settings=\"{&quot;_animation&quot;:&quot;fadeInDown&quot;}\" data-widget_type=\"button.default\">\n\t\t\t\t<div class=\"elementor-widget-container\">\n\t\t\t\t\t<div class=\"elementor-button-wrapper\">\n\t\t\t<a class=\"elementor-button elementor-button-link elementor-size-sm\" href=\"\/index.php\/dienstleistungen\/\">\n\t\t\t\t\t\t<span class=\"elementor-button-content-wrapper\">\n\t\t\t\t\t\t<span class=\"elementor-button-text\">Alle Dienstleistungen anzeigen<\/span>\n\t\t<\/span>\n\t\t\t\t\t<\/a>\n\t\t<\/div>\n\t\t\t\t<\/div>\n\t\t\t\t<\/div>\n\t\t\t\t\t<\/div>\n\t\t\t\t<\/div>\n\t\t<div class=\"elementor-element elementor-element-b0d4482 e-flex e-con-boxed e-con e-parent\" data-id=\"b0d4482\" data-element_type=\"container\" data-settings=\"{&quot;content_width&quot;:&quot;boxed&quot;}\" data-core-v316-plus=\"true\">\n\t\t\t\t\t<div class=\"e-con-inner\">\n\t\t<div class=\"elementor-element elementor-element-1747b38 e-con-full e-flex e-con e-child\" data-id=\"1747b38\" data-element_type=\"container\" data-settings=\"{&quot;content_width&quot;:&quot;full&quot;}\">\n\t\t\t\t<div class=\"elementor-element elementor-element-c4a0141 elementor-widget elementor-widget-heading\" data-id=\"c4a0141\" data-element_type=\"widget\" data-widget_type=\"heading.default\">\n\t\t\t\t<div class=\"elementor-widget-container\">\n\t\t\t<h2 class=\"elementor-heading-title elementor-size-xl\">Mission<\/h2>\t\t<\/div>\n\t\t\t\t<\/div>\n\t\t\t\t<div class=\"elementor-element elementor-element-ef6572e elementor-widget elementor-widget-text-editor\" data-id=\"ef6572e\" data-element_type=\"widget\" data-widget_type=\"text-editor.default\">\n\t\t\t\t<div class=\"elementor-widget-container\">\n\t\t\t\t\t\t\t<p style=\"font-weight: 400;\"><strong>Meine Mission ist es, Schweizer KMU zu bef\u00e4higen, sich zu wandeln und an die sich st\u00e4ndig ver\u00e4ndernde Welt anzupassen.<\/strong><\/p><p style=\"font-weight: 400;\">\u00a0<\/p><p style=\"font-weight: 400;\">Die Schweiz, die f\u00fcr ihr hervorragendes Bildungssystem und ihre robuste Technologielandschaft bekannt ist, hat weltweit produzierende KMU hervorgebracht, die sich durch Innovation und technisches Know-how auszeichnen. Trotz ihres historischen Erfolges sehen sich diese KMU heute mit Herausforderungen konfrontiert, die sich aus dem versch\u00e4rften Wettbewerb, den sich wandelnden Kundenanforderungen und der globalen Marktdynamik ergeben. Die Anpassung an das sich ver\u00e4ndernde Umfeld ist Voraussetzung f\u00fcr ihren k\u00fcnftigen Erfolg.<\/p>\t\t\t\t\t\t<\/div>\n\t\t\t\t<\/div>\n\t\t\t\t<\/div>\n\t\t<div class=\"elementor-element elementor-element-2c9cf38 e-con-full e-flex e-con e-child\" data-id=\"2c9cf38\" data-element_type=\"container\" data-settings=\"{&quot;background_background&quot;:&quot;classic&quot;,&quot;content_width&quot;:&quot;full&quot;}\">\n\t\t\t\t<\/div>\n\t\t\t\t\t<\/div>\n\t\t\t\t<\/div>\n\t\t<div class=\"elementor-element elementor-element-52b8b81 e-flex e-con-boxed e-con e-parent\" data-id=\"52b8b81\" data-element_type=\"container\" data-settings=\"{&quot;content_width&quot;:&quot;boxed&quot;}\" data-core-v316-plus=\"true\">\n\t\t\t\t\t<div class=\"e-con-inner\">\n\t\t<div class=\"elementor-element elementor-element-90cd587 e-con-full e-flex e-con e-child\" data-id=\"90cd587\" data-element_type=\"container\" data-settings=\"{&quot;background_background&quot;:&quot;classic&quot;,&quot;content_width&quot;:&quot;full&quot;}\">\n\t\t\t\t<\/div>\n\t\t<div class=\"elementor-element elementor-element-c1c0e04 e-con-full e-flex e-con e-child\" data-id=\"c1c0e04\" data-element_type=\"container\" data-settings=\"{&quot;content_width&quot;:&quot;full&quot;}\">\n\t\t\t\t<div class=\"elementor-element elementor-element-8219140 elementor-widget elementor-widget-heading\" data-id=\"8219140\" data-element_type=\"widget\" data-widget_type=\"heading.default\">\n\t\t\t\t<div class=\"elementor-widget-container\">\n\t\t\t<h2 class=\"elementor-heading-title elementor-size-xl\">Ansatz <\/h2>\t\t<\/div>\n\t\t\t\t<\/div>\n\t\t\t\t<div class=\"elementor-element elementor-element-f6defca elementor-widget elementor-widget-text-editor\" data-id=\"f6defca\" data-element_type=\"widget\" data-widget_type=\"text-editor.default\">\n\t\t\t\t<div class=\"elementor-widget-container\">\n\t\t\t\t\t\t\t<p style=\"font-weight: 400;\"><strong>Durch aktives Engagement treibt jeder\/jede Einzelne den Wandel voran und gewinnt unsch\u00e4tzbare Erkenntnisse \u00fcber den Transformationsprozess selbst.<\/strong><\/p><p style=\"font-weight: 400;\">\u00a0<\/p><p style=\"font-weight: 400;\">Echter Wandel entsteht durch die gemeinsamen Anstrengungen von Management und Mitarbeitenden. Mein Ansatz erm\u00f6glicht diesen kollaborativen Prozess und stellt sicher, dass alle Beteiligten eine aktive Rolle spielen. Ich f\u00f6rdere eine Kultur, in der jede und jeder in den Transformationsprozess eingebunden ist und sich daran beteiligt. Dieser integrative Ansatz st\u00e4rkt das Gef\u00fchl der Eigenverantwortung und den Glauben an die erarbeiteten L\u00f6sungen \u2013 was f\u00fcr eine erfolgreiche Umsetzung entscheidend ist.<\/p>\t\t\t\t\t\t<\/div>\n\t\t\t\t<\/div>\n\t\t\t\t<\/div>\n\t\t\t\t\t<\/div>\n\t\t\t\t<\/div>\n\t\t\t\t\t\t\t<\/div>\n\t\t","protected":false},"excerpt":{"rendered":"<p>NICHT DIE ST\u00c4RKSTE SPEZIES \u00dcBERLEBT. AUCH NICHT DIE INTELLIGENTESTE. SONDERN DIEJENIGE, DIE AM SCHNELLSTEN AUF VER\u00c4NDERUNGEN REAGIERT. Charles Darwin Dienstleistungen Ob praktische Beratung oder Interimsmanagement: mein Ansatz ist auf die spezifischen Anforderungen Ihres Projekts zugeschnitten. Diese durchg\u00e4ngige Unterst\u00fctzung stellt sicher, dass Ihre Transformationsreise nahtlos verl\u00e4uft. Von der anf\u00e4nglichen Definition des Projektumfangs bis zur vollst\u00e4ndigen Umsetzung. [&hellip;]<\/p>\n","protected":false},"author":4,"featured_media":0,"parent":0,"menu_order":0,"comment_status":"closed","ping_status":"closed","template":"elementor_header_footer","meta":{"_monsterinsights_skip_tracking":false,"_monsterinsights_sitenote_active":false,"_monsterinsights_sitenote_note":"","_monsterinsights_sitenote_category":0,"footnotes":""},"class_list":["post-509","page","type-page","status-publish","hentry"],"_links":{"self":[{"href":"https:\/\/giarre.org\/index.php\/wp-json\/wp\/v2\/pages\/509","targetHints":{"allow":["GET"]}}],"collection":[{"href":"https:\/\/giarre.org\/index.php\/wp-json\/wp\/v2\/pages"}],"about":[{"href":"https:\/\/giarre.org\/index.php\/wp-json\/wp\/v2\/types\/page"}],"author":[{"embeddable":true,"href":"https:\/\/giarre.org\/index.php\/wp-json\/wp\/v2\/users\/4"}],"replies":[{"embeddable":true,"href":"https:\/\/giarre.org\/index.php\/wp-json\/wp\/v2\/comments?post=509"}],"version-history":[{"count":12,"href":"https:\/\/giarre.org\/index.php\/wp-json\/wp\/v2\/pages\/509\/revisions"}],"predecessor-version":[{"id":563,"href":"https:\/\/giarre.org\/index.php\/wp-json\/wp\/v2\/pages\/509\/revisions\/563"}],"wp:attachment":[{"href":"https:\/\/giarre.org\/index.php\/wp-json\/wp\/v2\/media?parent=509"}],"curies":[{"name":"wp","href":"https:\/\/api.w.org\/{rel}","templated":true}]}}